 k.
2
Let u(f) = f**2 + 3*f - 2. Suppose 0 = -5*y - 15 + 40. What is the remainder when u(y) is divided by 10?
8
Let c be (-29)/9 - (-4)/18. Suppose -w + 0*w = -7. What is the remainder when w is divided by ((-1)/c)/((-2)/(-12))?
1
Suppose 0 = 3*q - 3*s - 39, 2*s = 4*s - 4. What is the remainder when 119 is divided by q?
14
Let d(o) = o**3 - o**2 + o + 13. What is the remainder when 193 is divided by d(4)?
63
Let n be 4 - (-1 + -2 + 2). Suppose 0 = -2*k + 3*o - n*o + 6, -2*o - 8 = 0. Let x(r) = r - 1. Calculate the remainder when 17 is divided by x(k).
5
Let j = -4 - -3. Suppose 0 = i, -3*d = 14*i - 11*i - 27. What is the remainder when (24 + 1)/1 - j is divided by d?
8
Suppose -4*r + 5 = -7. Suppose -b + r = -3. Suppose -5*x = -7*x + 6. Calculate the remainder when b is divided by x.
0
Suppose 0 = -w - w + 66. What is the remainder when 126 is divided by w?
27
Let r(p) = 21*p - 4. Calculate the remainder when r(3) is divided by 20.
19
Let a(h) = 1 + 0*h - 2*h + 2. What is the remainder when 32 is divided by a(-7)?
15
Let b(x) = -x**3 + 7*x**2 + 4*x. Suppose 48 = i + 5*i. What is the remainder when b(7) is divided by i?
4
Let m(w) be the second derivative of w**3 - 6*w**2 - 10*w. What is the remainder when m(6) is divided by 9?
6
Suppose -2 - 19 = -3*m. Suppose 42 = -0*h + 3*h - 3*d, 0 = 2*h - 3*d - 23. What is the remainder when h is divided by m?
5
Let y = 12 + -8. Suppose 0*o - o + 3*f = -3, -40 = -y*o + 5*f. Calculate the remainder when 28 is divided by o.
13
Let q(b) = -2*b - 12. Suppose -6*y + y = 40. Calculate the remainder when q(y) is divided by 3.
1
Let n = -1 + 3. Suppose n*a - a - 34 = 0. What is the remainder when a is divided by 9?
7
Let x = -2 - -2. Suppose -2*b + 32 + 4 = x. Calculate the remainder when b is divided by 5.
3
Let c = 100 + -71. What is the remainder when c is divided by 11?
7
Let y = -22 - -40. Suppose -18 = -3*u + y. Calculate the remainder when 21 is divided by u.
9
Suppose 4*s - j - 48 = 0, 6*j = -5*s + 2*j + 60. What is the remainder when 22 is divided by s?
10
Calculate the remainder when 11 is divided by (-30)/(-8) + (4 - (-15)/(-4)).
3
Let n = -151 + 167. What is the remainder when 73 is divided by n?
9
Let c(f) = -f**3 + 7*f**2 - f + 6. Let r be c(7). Calculate the remainder when (2 - 12/(-1)) + r is divided by 5.
3
Let z be 5 + -2 - (2 + -3). Suppose 20 = -z*d - d, 3*w - 64 = 4*d. Calculate the remainder when w is divided by 2/5 - (-86)/10.
7
Suppose -4*f - 3 - 1 = -5*k, 0 = 4*k. What is the remainder when (f/2)/((-5)/280) is divided by 15?
13
Let w(f) = -2*f + 4. Let i be w(3). What is the remainder when 1 - 3*4/(-2) is divided by (-7)/(-2) + i/(-4)?
3
Suppose 21*r - 10*r - 198 = 0. Calculate the remainder when 34 + (-2)/(-2 - 0) is divided by r.
17
What is the remainder when (-3 - (-36)/8)*154/3 is divided by 10?
7
Let w(h) = -h + 4. Let d be w(7). Suppose 4*f = 8, -3*f + 7 + 6 = m. Calculate the remainder when 19*d/9*-3 is divided by m.
5
Suppose -5*x + 177 = 4*i, -5*x - 3*i = -0*i - 174. Calculate the remainder when 64 is divided by x.
31
Calculate the remainder when 1981/105 + (-4)/(-30) is divided by 7.
5
Let s = 0 - 3. Let g = 6 + s. Suppose -i + 9 - g = 0. Calculate the remainder when 17 is divided by i.
5
Suppose 30*c = 18*c + 168. What is the remainder when 65 is divided by c?
9
Suppose 2*b = -5*j + 59, -5*j + 17 = 3*b - 59. Calculate the remainder when 47 is divided by b.
13
Let u(t) = t**2 - 5*t - 12. Calculate the remainder when 45 is divided by u(-3).
9
Suppose 3*n + 4*n = 112. What is the remainder when 23 is divided by n?
7
Suppose -2*w + 0*w + 78 = 0. Calculate the remainder when w is divided by 10.
9
Let y(d) = d**3 + 21*d**2 + 21*d + 35. Suppose -3*z + 25 = 5*h, 0 = -5*z + 1 - 26. Calculate the remainder when y(-20) is divided by h.
7
Suppose -3*g - 2*g = -2*q - 9, 9 = 2*g + q. Suppose 3*l - 2*l + 2 = 0. Calculate the remainder when ((-1)/(-3))/(l/(-30)) is divided by g.
2
Let n = 72 + -34. Suppose 3*t = -5*b + 34, 4*t + b + b - 22 = 0. Suppose 5*k - 10 = 0, 0 = t*z - 2*z - k - 18. Calculate the remainder when n is divided by z.
18
Suppose -2*b - 2*b = 0. Let z(w) = w**3 + 61. Calculate the remainder when z(b) is divided by 21.
19
Let w = 239 - 227. Let j = 2 + 20. What is the remainder when j is divided by w?
10
Let x = -9 + 32. Let f = -8 - -8. Suppose 2*s = 3*q - 0*q + x, f = 3*s - 3*q - 36. Calculate the remainder when s is divided by 7.
6
Let z = -31 + 40. Let x = -22 - -47. What is the remainder when x is divided by z?
7
Suppose o - 22 = -0*o. Let d(y) = 13*y - 1. Suppose -3*i = -0*i - 3. Calculate the remainder when o is divided by d(i).
10
Let j(x) = 6*x + 39. What is the remainder when j(6) is divided by 19?
18
Suppose 5*w = 46 + 144. Let r = -1 - -3. Suppose r*y - 25 = 1. What is the remainder when w is divided by y?
12
Suppose -4*u + 3 + 5 = -2*d, 2*u - 2 = 2*d. Let g be 26 - -1 - (-1 - -3 - 2). Suppose -d*l + g = l. Calculate the remainder when 33 is divided by l.
6
Let a = -2 - -10. What is the remainder when 44 is divided by a?
4
What is the remainder when (609/116)/(2/8) is divided by 11?
10
Let b(l) = -l**3 + 4*l**2 - 4. Let u(c) = -c - 16. What is the remainder when b(3) is divided by u(-19)?
2
Let o(n) = -n + 3. What is the remainder when o(-6) is divided by 3?
0
Let x(i) be the second derivative of -i**4/12 - 4*i**3/3 - 2*i**2 - i. Suppose -6 = 5*g - 3*g. Calculate the remainder when 31 is divided by x(g).
9
Calculate the remainder when 97 is divided by (-2)/4*(-50)/1.
22
Let m = 30 + -18. Calculate the remainder when m is divided by 7.
5
Suppose -2*u = -2*j + 26 + 22, -5*u + 130 = 5*j. What is the remainder when 124 is divided by j?
24
Suppose i - 1 = 3*y - 4*i, -4*i + 52 = 4*y. Calculate the remainder when 14 is divided by y.
6
Suppose 12 + 348 = 4*b. Calculate the remainder when (b/4)/(30/40) is divided by 16.
14
Suppose -y - y - 36 = -k, 0 = 5*k - 5*y - 185. Calculate the remainder when k is divided by 20.
18
Let j(c) be the second derivative of -c**3/2 - 9*c**2/2 + 2*c. Calculate the remainder when j(-11) is divided by 13.
11
Let l = 11 + 1. Suppose 3*y - 24 = l. What is the remainder when 34 is divided by y?
10
Let d(r) = -r**2 - 17*r + 6. Let k be d(-15). Let z = k + -21. What is the remainder when 27 is divided by z?
12
Let q = -36 - -40. Calculate the remainder when 10 is divided by q.
2
Suppose 0 = -18*v - 5 + 41. What is the remainder when 6 is divided by v?
0
Let q(c) = -c**3 - 3*c**2 - c + 3. Suppose -5 = 4*w + 11. Let k be q(w). Let r = 30 + k. What is the remainder when r is divided by 18?
17
Suppose -6*i + 23 = -229. Calculate the remainder when i is divided by 15.
12
Let y(a) = -a**3 - 2*a**2 - a - 2. Let n be y(-2). Suppose -p + 5*u + n + 6 = 0, -p - u = -18. Calculate the remainder when 29 is divided by p.
13
Let g = 10 + -6. Suppose j - 3*s - g = -s, -2*j + 48 = 4*s. Calculate the remainder when 39 is divided by j.
11
Suppose -147 - 133 = -8*h. What is the remainder when 69 is divided by h?
34
Let y(h) = 10*h + 9. Let u = -61 - -95. What is the remainder when u is divided by y(0)?
7
Let x = -42 - -55. Calculate the remainder when x is divided by 7.
6
Suppose -4*y - 45 = -5*u, -2*u + 18 = y + 3*y. Suppose h + h + 36 = q, -152 = -4*q + 4*h. Let i = q + -23. What is the remainder when i is divided by u?
8
Suppose -4*v = -2*n + 136, -5*v = -5*n - 10*v + 280. Let g(z) = z**3 - z**2 + z + 21. What is the remainder when n is divided by g(0)?
18
Let q = -8 - -11. Suppose 0 = -4*p - 48 - 0. Let j = p + 20. Calculate the remainder when j is divided by q.
2
Let b = 119 + -81. Calculate the remainder when b is divided by 10.
8
Let b(y) = y**3 - 3*y**2 + 3*y - 3. Calculate the remainder when b(3) is divided by 3.
0
Let w = 42 - 21. Suppose m - 4*m + w = 0. Calculate the remainder when m is divided by 3.
1
Let n(b) = b**2 - b + 1. Let m(a) = 8*a + 0*a**2 - 4*a**2 - 10 + 3*a. Let z(i) = m(i) + 6*n(i). What is the remainder when 41 is divided by z(-5)?
20
Suppose -19 = -4*f - 3. Calculate the remainder when 9 is divided by f.
1
Let s be (0 + 10)*(-13)/(-2). Let z = -44 + s. Calculate the remainder when z is divided by 6.
3
Let s(r) be the first derivative of r**3/3 - r**2/2 - 7*r + 2. Let k be (-46)/(-8) + (-1)/(-4). What is the remainder when 67 is divided 